{"id":9,"date":"2019-01-12T09:14:00","date_gmt":"2019-01-12T12:14:00","guid":{"rendered":"http:\/\/www.chinchineros.cl\/?page_id=9"},"modified":"2019-03-06T15:16:10","modified_gmt":"2019-03-06T18:16:10","slug":"acerca-de","status":"publish","type":"page","link":"https:\/\/www.chinchineros.cl\/index.php\/acerca-de\/","title":{"rendered":"La familia Sep\u00falveda"},"content":{"rendered":"<p>Miguel Sep\u00falveda, es quien funda la tradici\u00f3n de este oficio en su familia. El escenario de este artista siempre ha sido la calle, pero sus inicios no fueron junto al chinch\u00edn y el organillo. Conocido como \u201cel tony\u201d, Miguel Sep\u00falveda trabajo por a\u00f1os como payaso antes de ser chinchinero y posteriormente organillero, fue precisamente la calle, el espacio que permiti\u00f3 a este artista callejero vincularse y conocer otros oficios, vendedores ambulantes, lustra botas, maniseros, cantantes, humoristas entre otros que comparten los mismos c\u00f3digos y una vida errante entorno a sus oficios. Fue junto al \u201cpituquin\u201d chinchinero antiguo conocido por mantener su instrumento impecable y ordenado, y junto al organillero Sergio Casanova Cifuentes, que el joven Miguel Sep\u00falveda, conocido en ese entonces como el \u201cpayaso Rasput\u00edn\u201d tiene su primer acercamiento con estos oficios, particularmente con el chinch\u00edn. Mientras Sergio Casanova tocaba el organillo, Miguel vestido de payos bailaba a su alrededor llamando la atenci\u00f3n de los transe\u00fantes, con el paso del tiempo comenz\u00f3 a imitar los movimientos del \u201cpituqu\u00edn\u201d hasta que se hizo chinchinero. En 1975 viaja a Valpara\u00edso para establecerse junto a su familia, all\u00ed acompa\u00f1a por m\u00e1s de diez a\u00f1os al organillero Claudio Cortes en sus andanzas por los cerros y paseos del puerto, en 1985, despu\u00e9s del terremoto vuelve a Santiago donde de forma independiente sigue su carrera, acompa\u00f1ando en ocasiones a Luis Toledo Salvatierra, organillero conocido como \u201cel cascote\u201d, quien era su suegro. Ya con experiencia y trayectoria, Miguel ense\u00f1a a sus sobrinos Jorge y Patricio Toledo a tocar el chinch\u00edn, tambi\u00e9n a Carlos Manuel Aravena con quienes comparte la tradici\u00f3n. Su hermano conocido como \u201cel tortuga\u201d tambi\u00e9n trabaja como chinchinero, luego sus hijos Marco Antonio y Miguel Sep\u00falveda aprender\u00edan de \u00e9l la disciplina que los llevar\u00eda el a\u00f1o 1994 a Italia y Francia a mostrar su arte.<\/p>\n<p>En Santiago de Chile, en un periodo de m\u00e1s de diez a\u00f1os a partir de la d\u00e9cada de los 80\u2019, Miguel y sus hijos, eran perseguidos como muchos de sus colegas del centro de la ciudad, el constante hostigamiento de las autoridades y carabineros termino aburriendo a estos artistas quienes deciden no trabajar m\u00e1s en el centro y lugares concurridos de la ciudad, exili\u00e1ndose en poblaciones y pueblos peque\u00f1os donde siguieron desarrollando de forma menos notoria su pr\u00e1ctica. Reconocidos por sus estrafalarias vestimentas y pantalones con vuelos de colores, la familia Sep\u00falveda no pas\u00f3 inadvertida en los a\u00f1os 80\u2019.<\/p>\n<p>En la actualidad, siguen llevando alegr\u00eda a la gente con sus tres generaciones, un organillero y tres chinchineros. Miguel Sep\u00falveda, fundador de una historia familiar en el oficio, por a\u00f1os ha luchado para que \u00e9ste sea reconocido y tenga el lugar que se merece en la ciudad. Con inter\u00e9s pedag\u00f3gico, ha propuesto m\u00e1s de una vez a las autoridades instancias de acercamiento de esta cultura a los colegios del pa\u00eds, como tambi\u00e9n ha buscado la asosiatividad en el gremio para proteger y promover su pr\u00e1ctica. Hoy, sigue recorriendo el pa\u00eds y los pueblos con su organillo y chinch\u00edn.<\/p>\n","protected":false},"excerpt":{"rendered":"<p>Miguel Sep\u00falveda, es quien funda la tradici\u00f3n de este oficio en su familia. El escenario de este artista siempre ha sido la calle, pero sus inicios no fueron junto al chinch\u00edn y el organillo. Conocido como \u201cel tony\u201d, Miguel Sep\u00falveda trabajo por a\u00f1os como payaso antes de ser chinchinero y posteriormente organillero, fue precisamente la &hellip; <\/p>\n<p class=\"link-more\"><a href=\"https:\/\/www.chinchineros.cl\/index.php\/acerca-de\/\" class=\"more-link\">Continua leyendo<span class=\"screen-reader-text\"> &#8220;La familia Sep\u00falveda&#8221;<\/span><\/a><\/p>\n","protected":false},"author":1,"featured_media":14,"parent":0,"menu_order":0,"comment_status":"closed","ping_status":"closed","template":"","meta":{"footnotes":""},"class_list":["post-9","page","type-page","status-publish","has-post-thumbnail","hentry"],"_links":{"self":[{"href":"https:\/\/www.chinchineros.cl\/index.php\/wp-json\/wp\/v2\/pages\/9","targetHints":{"allow":["GET"]}}],"collection":[{"href":"https:\/\/www.chinchineros.cl\/index.php\/wp-json\/wp\/v2\/pages"}],"about":[{"href":"https:\/\/www.chinchineros.cl\/index.php\/wp-json\/wp\/v2\/types\/page"}],"author":[{"embeddable":true,"href":"https:\/\/www.chinchineros.cl\/index.php\/wp-json\/wp\/v2\/users\/1"}],"replies":[{"embeddable":true,"href":"https:\/\/www.chinchineros.cl\/index.php\/wp-json\/wp\/v2\/comments?post=9"}],"version-history":[{"count":2,"href":"https:\/\/www.chinchineros.cl\/index.php\/wp-json\/wp\/v2\/pages\/9\/revisions"}],"predecessor-version":[{"id":43,"href":"https:\/\/www.chinchineros.cl\/index.php\/wp-json\/wp\/v2\/pages\/9\/revisions\/43"}],"wp:featuredmedia":[{"embeddable":true,"href":"https:\/\/www.chinchineros.cl\/index.php\/wp-json\/wp\/v2\/media\/14"}],"wp:attachment":[{"href":"https:\/\/www.chinchineros.cl\/index.php\/wp-json\/wp\/v2\/media?parent=9"}],"curies":[{"name":"wp","href":"https:\/\/api.w.org\/{rel}","templated":true}]}}